{"id":80,"date":"2015-03-25T12:00:38","date_gmt":"2015-03-25T12:00:38","guid":{"rendered":"http:\/\/www.kinderhaus-knickweg.de\/kinderhaus\/?page_id=80"},"modified":"2022-09-06T11:25:57","modified_gmt":"2022-09-06T11:25:57","slug":"kinderhausjahr","status":"publish","type":"page","link":"https:\/\/www.kinderhaus-knickweg.de\/kinderhaus\/aktivitaten\/kinderhausjahr\/","title":{"rendered":"Das Jahr im Kinderhaus"},"content":{"rendered":"<p>Unser Kinderhaus ist prinzipiell ganzj\u00e4hrig ge\u00f6ffnet. Nur in der Zeit zwischen Weihnachten und Neujahr, an 3-5 Teamtagen und beim Betriebsausflug bleibt das Kinderhaus geschlossen.<\/p>\n<p>Wir erleben und gestalten die Jahreszeiten mit einer Vielfalt an thematischen Aktionen: Blumenpflanzen, Wasserspiele, Apfelernte, Schneeballschlacht und vieles mehr. Wir sind das ganze Jahr \u00fcber so oft wie m\u00f6glich im Freien und erleben die Natur mit ihren vielf\u00e4ltigen Sinneseindr\u00fccken.<\/p>\n<p>Au\u00dferdem feiern wir im Kinderhaus nat\u00fcrlich Fasching, Ostern, Sommerfest, Laternenfest und Weihnachten, teils mit, teils ohne Eltern.<\/p>\n<p>Meist im Fr\u00fchjahr veranstalten wir mit den Kindern ein Schlaffest, bei dem im Kinderhaus \u00fcbernachtet wird. Dies ist eine gute Vorbereitung f\u00fcr <i>das <\/i>Highlight<i> <\/i>des Jahres &#8211; die Kinderreise im Juni, f\u00fcr 3 Tage mit den ErzieherInnen nach Spr\u00f6tze in die L\u00fcneburger Heide.<\/p>\n<p>Ab Fr\u00fchjahr begleiten wir die Kinder, die im Sommer in die Schule kommen, mit besonderen Projekten oder Themen, um sie weiter auf die Schule vorzubereiten.<\/p>\n<p>Drei mal im Jahr finden immer an einem Dienstag Elternabende statt. Au\u00dferdem besteht das Angebot, ausf\u00fchrliche Elterngespr\u00e4che mit den ErzieherInnen zu f\u00fchren. Zweimal im Jahr reinigen und putzen wir das Kinderhaus gemeinsam von Grund auf. Au\u00dferdem findet in der Regel einmal im Jahr eine von den Eltern organisierte Eltern-Kind-Reise statt.<\/p>\n<div id='gallery-1' class='gallery galleryid-80 gallery-columns-3 gallery-size-thumbnail'><figure class='gallery-item'>\n\t\t\t<div class='gallery-icon landscape'>\n\t\t\t\t<img width=\"150\" height=\"150\" src=\"https:\/\/www.kinderhaus-knickweg.de\/kinderhaus\/wp-content\/uploads\/2014\/11\/DSC3437-150x150.jpg\" class=\"attachment-thumbnail size-thumbnail\" alt=\"\" decoding=\"async\" loading=\"lazy\" \/>\n\t\t\t<\/div><\/figure><figure class='gallery-item'>\n\t\t\t<div class='gallery-icon landscape'>\n\t\t\t\t<img width=\"150\" height=\"150\" src=\"https:\/\/www.kinderhaus-knickweg.de\/kinderhaus\/wp-content\/uploads\/2015\/03\/DSC3374-150x150.jpg\" class=\"attachment-thumbnail size-thumbnail\" alt=\"\" decoding=\"async\" loading=\"lazy\" \/>\n\t\t\t<\/div><\/figure><figure class='gallery-item'>\n\t\t\t<div class='gallery-icon landscape'>\n\t\t\t\t<img width=\"150\" height=\"150\" src=\"https:\/\/www.kinderhaus-knickweg.de\/kinderhaus\/wp-content\/uploads\/2015\/03\/DSC3393-150x150.jpg\" class=\"attachment-thumbnail size-thumbnail\" alt=\"\" decoding=\"async\" loading=\"lazy\" \/>\n\t\t\t<\/div><\/figure>\n\t\t<\/div>\n\n","protected":false},"excerpt":{"rendered":"<p>Unser Kinderhaus ist prinzipiell ganzj\u00e4hrig ge\u00f6ffnet. Nur in der Zeit zwischen Weihnachten und Neujahr, an 3-5 Teamtagen und beim Betriebsausflug bleibt das Kinderhaus geschlossen. Wir erleben und gestalten die Jahreszeiten mit einer Vielfalt an thematischen Aktionen: Blumenpflanzen, Wasserspiele, Apfelernte, Schneeballschlacht und vieles mehr. Wir sind das ganze Jahr \u00fcber so oft wie m\u00f6glich im Freien &hellip; <a href=\"https:\/\/www.kinderhaus-knickweg.de\/kinderhaus\/aktivitaten\/kinderhausjahr\/\" class=\"more-link\"><span class=\"screen-reader-text\">Das Jahr im Kinderhaus<\/span> weiterlesen <span class=\"meta-nav\">&rarr;<\/span><\/a><\/p>\n","protected":false},"author":1,"featured_media":0,"parent":40,"menu_order":0,"comment_status":"closed","ping_status":"closed","template":"","meta":{"spay_email":""},"_links":{"self":[{"href":"https:\/\/www.kinderhaus-knickweg.de\/kinderhaus\/wp-json\/wp\/v2\/pages\/80"}],"collection":[{"href":"https:\/\/www.kinderhaus-knickweg.de\/kinderhaus\/wp-json\/wp\/v2\/pages"}],"about":[{"href":"https:\/\/www.kinderhaus-knickweg.de\/kinderhaus\/wp-json\/wp\/v2\/types\/page"}],"author":[{"embeddable":true,"href":"https:\/\/www.kinderhaus-knickweg.de\/kinderhaus\/wp-json\/wp\/v2\/users\/1"}],"replies":[{"embeddable":true,"href":"https:\/\/www.kinderhaus-knickweg.de\/kinderhaus\/wp-json\/wp\/v2\/comments?post=80"}],"version-history":[{"count":17,"href":"https:\/\/www.kinderhaus-knickweg.de\/kinderhaus\/wp-json\/wp\/v2\/pages\/80\/revisions"}],"predecessor-version":[{"id":625,"href":"https:\/\/www.kinderhaus-knickweg.de\/kinderhaus\/wp-json\/wp\/v2\/pages\/80\/revisions\/625"}],"up":[{"embeddable":true,"href":"https:\/\/www.kinderhaus-knickweg.de\/kinderhaus\/wp-json\/wp\/v2\/pages\/40"}],"wp:attachment":[{"href":"https:\/\/www.kinderhaus-knickweg.de\/kinderhaus\/wp-json\/wp\/v2\/media?parent=80"}],"curies":[{"name":"wp","href":"https:\/\/api.w.org\/{rel}","templated":true}]}}