{"id":552,"date":"2018-11-28T17:00:55","date_gmt":"2018-11-28T17:00:55","guid":{"rendered":"http:\/\/www.kinderhaus-knickweg.de\/kinderhaus\/?page_id=552"},"modified":"2022-09-06T18:28:46","modified_gmt":"2022-09-06T18:28:46","slug":"kontaktaufnahme","status":"publish","type":"page","link":"https:\/\/www.kinderhaus-knickweg.de\/kinderhaus\/weitere-informationen\/kontaktaufnahme\/","title":{"rendered":"Kontaktaufnahme"},"content":{"rendered":"<p>Unser Kindergarten als Elterninitiative h\u00e4lt regelm\u00e4\u00dfig Informationsveranstaltungen ab. Die Termine finden Sie auf dieser <a href=\"http:\/\/www.kinderhaus-knickweg.de\/kinderhaus\/weitere-informationen\/infoabend\/\">Seite<\/a>.<\/p>\n<p>Wir sind nicht in der Lage, Anmeldungen oder Wartelisteneintr\u00e4ge \u00fcber Emails zu bearbeiten. Des weiteren kann nicht unter Tags hospitiert werden, oder die Einrichtung besucht werden, da das den Tagesablauf st\u00f6ren w\u00fcrde.<\/p>\n<p>Bei Interesse an unserer Einrichtung besuchen Sie bitte den Informationsabend<\/p>\n<p>F\u00fcr alle anderen Anliegen wenden Sie sich bitte an Frank Setzpfand oder Carola Eggersgl\u00fc\u00df (Kita-Leitungs-Team)<\/p>\n<p>040-2702538<\/p>\n<p><a href=\"mailto:info@kinderhaus-knickweg.de\">info@kinderhaus-knickweg.de\u00a0<\/a><\/p>\n","protected":false},"excerpt":{"rendered":"<p>Unser Kindergarten als Elterninitiative h\u00e4lt regelm\u00e4\u00dfig Informationsveranstaltungen ab. Die Termine finden Sie auf dieser Seite. Wir sind nicht in der Lage, Anmeldungen oder Wartelisteneintr\u00e4ge \u00fcber Emails zu bearbeiten. Des weiteren kann nicht unter Tags hospitiert werden, oder die Einrichtung besucht werden, da das den Tagesablauf st\u00f6ren w\u00fcrde. Bei Interesse an unserer Einrichtung besuchen Sie bitte &hellip; <a href=\"https:\/\/www.kinderhaus-knickweg.de\/kinderhaus\/weitere-informationen\/kontaktaufnahme\/\" class=\"more-link\"><span class=\"screen-reader-text\">Kontaktaufnahme<\/span> weiterlesen <span class=\"meta-nav\">&rarr;<\/span><\/a><\/p>\n","protected":false},"author":1,"featured_media":0,"parent":85,"menu_order":0,"comment_status":"closed","ping_status":"closed","template":"","meta":{"spay_email":""},"_links":{"self":[{"href":"https:\/\/www.kinderhaus-knickweg.de\/kinderhaus\/wp-json\/wp\/v2\/pages\/552"}],"collection":[{"href":"https:\/\/www.kinderhaus-knickweg.de\/kinderhaus\/wp-json\/wp\/v2\/pages"}],"about":[{"href":"https:\/\/www.kinderhaus-knickweg.de\/kinderhaus\/wp-json\/wp\/v2\/types\/page"}],"author":[{"embeddable":true,"href":"https:\/\/www.kinderhaus-knickweg.de\/kinderhaus\/wp-json\/wp\/v2\/users\/1"}],"replies":[{"embeddable":true,"href":"https:\/\/www.kinderhaus-knickweg.de\/kinderhaus\/wp-json\/wp\/v2\/comments?post=552"}],"version-history":[{"count":6,"href":"https:\/\/www.kinderhaus-knickweg.de\/kinderhaus\/wp-json\/wp\/v2\/pages\/552\/revisions"}],"predecessor-version":[{"id":634,"href":"https:\/\/www.kinderhaus-knickweg.de\/kinderhaus\/wp-json\/wp\/v2\/pages\/552\/revisions\/634"}],"up":[{"embeddable":true,"href":"https:\/\/www.kinderhaus-knickweg.de\/kinderhaus\/wp-json\/wp\/v2\/pages\/85"}],"wp:attachment":[{"href":"https:\/\/www.kinderhaus-knickweg.de\/kinderhaus\/wp-json\/wp\/v2\/media?parent=552"}],"curies":[{"name":"wp","href":"https:\/\/api.w.org\/{rel}","templated":true}]}}