{"id":539,"date":"2018-11-05T19:57:40","date_gmt":"2018-11-05T19:57:40","guid":{"rendered":"http:\/\/www.kinderhaus-knickweg.de\/kinderhaus\/?page_id=539"},"modified":"2018-11-05T19:57:40","modified_gmt":"2018-11-05T19:57:40","slug":"anfahrt","status":"publish","type":"page","link":"https:\/\/www.kinderhaus-knickweg.de\/kinderhaus\/weitere-informationen\/anfahrt\/","title":{"rendered":"Anfahrt"},"content":{"rendered":"<h2>Karte:<\/h2>\n<h2>\n<iframe loading=\"lazy\" style=\"border: 0;\" src=\"https:\/\/www.google.com\/maps\/embed?pb=!1m18!1m12!1m3!1d2368.5011066252146!2d10.017939116161191!3d53.58451988002961!2m3!1f0!2f0!3f0!3m2!1i1024!2i768!4f13.1!3m3!1m2!1s0x47b1892eb4574b79%3A0x989a2f5a34cabb5d!2sLorenzengasse+6%2C+22303+Hamburg!5e0!3m2!1sde!2sde!4v1541447286086\" width=\"800\" height=\"600\" frameborder=\"0\" allowfullscreen=\"allowfullscreen\"><\/iframe><\/h2>\n<h2>HVV<\/h2>\n<p>Nach dem Klick auf das Logo werden Sie zur HVV Seite weitergeleitet, und das Kinderhaus ist bereits als Ziel eingetragen:<\/p>\n<p><a href=\"https:\/\/www.hvv.de\/linking-service\/show\/d8c2cecad52e4119b41460ff2ee005be\" target=\"_blank\" rel=\"noopener\"><img decoding=\"async\" loading=\"lazy\" src=\"https:\/\/www.hvv.de\/images\/logo_hvv_110x25.png\" alt=\"Mit dem HVV zu uns\" width=\"110\" height=\"25\" border=\"0\" \/><\/a><\/p>\n<p>N\u00e4chste Bus-Haltestelle:<\/p>\n<p>173 &#8211; Jarrestrasse Kampnagel<\/p>\n<p>N\u00e4chste U-Bahn Station:<\/p>\n<p>U3 &#8211; Borgweg<\/p>\n<p>&nbsp;<\/p>\n<p>Es gibt keine Parkpl\u00e4tze in der unmittelbaren Umgebung.<\/p>\n","protected":false},"excerpt":{"rendered":"<p>Karte: HVV Nach dem Klick auf das Logo werden Sie zur HVV Seite weitergeleitet, und das Kinderhaus ist bereits als Ziel eingetragen: N\u00e4chste Bus-Haltestelle: 173 &#8211; Jarrestrasse Kampnagel N\u00e4chste U-Bahn Station: U3 &#8211; Borgweg &nbsp; Es gibt keine Parkpl\u00e4tze in der unmittelbaren Umgebung.<\/p>\n","protected":false},"author":1,"featured_media":0,"parent":85,"menu_order":0,"comment_status":"closed","ping_status":"closed","template":"","meta":{"spay_email":""},"_links":{"self":[{"href":"https:\/\/www.kinderhaus-knickweg.de\/kinderhaus\/wp-json\/wp\/v2\/pages\/539"}],"collection":[{"href":"https:\/\/www.kinderhaus-knickweg.de\/kinderhaus\/wp-json\/wp\/v2\/pages"}],"about":[{"href":"https:\/\/www.kinderhaus-knickweg.de\/kinderhaus\/wp-json\/wp\/v2\/types\/page"}],"author":[{"embeddable":true,"href":"https:\/\/www.kinderhaus-knickweg.de\/kinderhaus\/wp-json\/wp\/v2\/users\/1"}],"replies":[{"embeddable":true,"href":"https:\/\/www.kinderhaus-knickweg.de\/kinderhaus\/wp-json\/wp\/v2\/comments?post=539"}],"version-history":[{"count":6,"href":"https:\/\/www.kinderhaus-knickweg.de\/kinderhaus\/wp-json\/wp\/v2\/pages\/539\/revisions"}],"predecessor-version":[{"id":546,"href":"https:\/\/www.kinderhaus-knickweg.de\/kinderhaus\/wp-json\/wp\/v2\/pages\/539\/revisions\/546"}],"up":[{"embeddable":true,"href":"https:\/\/www.kinderhaus-knickweg.de\/kinderhaus\/wp-json\/wp\/v2\/pages\/85"}],"wp:attachment":[{"href":"https:\/\/www.kinderhaus-knickweg.de\/kinderhaus\/wp-json\/wp\/v2\/media?parent=539"}],"curies":[{"name":"wp","href":"https:\/\/api.w.org\/{rel}","templated":true}]}}